65*t + 45420. Give r(-22).
-10
Let m(f) = 30*f**2 + 11*f + 17. Determine m(-2).
115
Let w(k) = -4*k**2 - 20*k + 58. Give w(-7).
2
Let r(h) = -34*h**2 - 9*h + 5. Give r(2).
-149
Let t(i) = 4580*i - 18313. Calculate t(4).
7
Let j(u) = -200*u**3 - 197*u**2 + u + 1. What is j(-1)?
3
Let k(o) = o**2 - 92*o + 1088. Determine k(14).
-4
Let d(r) = -2*r**3 + 120*r**2 + 4*r - 273. Determine d(60).
-33
Let k(u) = -u**3 - 14*u**2 + 19*u - 99. Calculate k(-15).
-159
Let z(v) = 111*v + 1780. Determine z(-16).
4
Let y(w) = -11*w**2 - 56*w + 3. Determine y(-5).
8
Let q(f) = -f**3 - 53*f**2 - 104*f - 107. Determine q(-51).
-5
Let z(l) = -147*l - 86. What is z(-1)?
61
Let d(s) = s**3 + 35*s**2 - 126*s - 446. What is d(-38)?
10
Let u(i) = 38*i + 980. Give u(-6).
752
Let t(q) = -q**3 + 15*q**2 - 429*q + 5798. What is t(14)?
-12
Let n(v) = -2*v**2 - 410*v - 3526. Determine n(-9).
2
Let s(v) = -v**2 - 68*v + 615. Calculate s(8).
7
Let c(m) = -3*m**3 - m**2 - 15*m - 37. Calculate c(-2).
13
Let z(u) = 2*u**3 + 486*u**2 + 3*u + 724. Give z(-243).
-5
Let i(l) = 45*l**2 - 173*l - 40. What is i(4)?
-12
Let t(k) = -31*k + 1945. Calculate t(64).
-39
Let x(a) = -2*a**2 - 4*a + 151. Give x(-8).
55
Let n(m) = m**2 + 475*m - 2863. What is n(6)?
23
Let p(n) = -n**3 + n**2 + 25*n - 71. Determine p(3).
-14
Let h(w) = -94*w - 3754. What is h(-40)?
6
Let q(f) = 109*f - 3046. Calculate q(28).
6
Let m(o) = -o**3 + 10*o**2 + 19*o + 85. What is m(12)?
25
Let n(v) = -v**3 - 24*v**2 - 123*v + 8. What is n(-8)?
-32
Let j(n) = 499*n - 3567. Calculate j(7).
-74
Let y(l) = -2*l**3 + 11*l**2 - 2*l - 10. Calculate y(5).
5
Let n(y) = -y - 82. Determine n(-7).
-75
Let s(z) = 33*z - 1375. Calculate s(42).
11
Let r(k) = -46*k - 3541. Calculate r(-77).
1
Let o(x) = -x**3 + 43*x**2 + 26. Give o(43).
26
Let b(q) = 32*q**2 + 192*q + 746. Determine b(-4).
490
Let o(d) = -d**3 - 13*d**2 + 89*d + 7. Determine o(-18).
25
Let r(j) = j**3 + 40*j**2 + 151*j + 1463. Determine r(-37).
-17
Let u(o) = -4*o + 75. What is u(30)?
-45
Let o(i) = i**2 + i - 29. Calculate o(6).
13
Let y(k) = -5*k**2 + 103*k + 346. What is y(24)?
-62
Let s(c) = -52*c - 1460. What is s(-27)?
-56
Let u(f) = 122*f + 972. Determine u(-8).
-4
Let y(j) = -j**3 - 35*j**2 + 5*j - 912. Determine y(-36).
204
Let h(u) = -2*u**2 - 8*u - 2. Give h(-2).
6
Let t(v) = -2*v**3 - 14*v**2 - 30*v + 11. Determine t(-7).
221
Let h(d) = -2*d**2 - 40*d + 249. Determine h(-25).
-1
Let h(b) = 84*b**3 - 14*b**2 + 12*b + 3. What is h(1)?
85
Let i(b) = -2*b**2 - 19*b + 4. Determine i(8).
-276
Let k(p) = -11*p**3 + 144*p**2 - 12*p - 6. Calculate k(13).
7
Let j(x) = 6*x**3 - 4*x**2 - 5*x - 4. What is j(-1)?
-9
Let f(x) = -3*x**3 - 279*x**2 + 13*x + 1214. Calculate f(-93).
5
Let w(n) = -6*n**2 + 4*n + 71. Determine w(4).
-9
Let g(a) = 13*a + 288. Determine g(-54).
-414
Let f(q) = 37*q - 65. Give f(-3).
-176
Let n(i) = -518*i + 4606. Give n(9).
-56
Let h(a) = 8*a**2 - 27*a + 22. What is h(1)?
3
Let u(y) = 279*y - 24272. Determine u(87).
1
Let t(s) = -1550*s + 9327. Calculate t(6).
27
Let q(r) = -43*r**2 + 560*r - 14. Calculate q(13).
-1
Let k(v) = 317*v + 4090. What is k(-13)?
-31
Let a(o) = 2*o**2 + 24*o - 58. Determine a(-11).
-80
Let m(x) = 60*x**2 + x + 3. Calculate m(-1).
62
Let g(w) = 98*w - 106. What is g(2)?
90
Let a(j) = 189*j + 21547. Give a(-114).
1
Let d(i) = i**3 + 17*i**2 + 12*i - 15. Calculate d(-11).
579
Let u(d) = 164*d + 193. What is u(-1)?
29
Let c(m) = -214*m - 4008. Give c(-19).
58
Let f(j) = 217*j + 416. Determine f(-3).
-235
Let t(q) = -10*q**2 - 84*q - 29. Calculate t(-6).
115
Let d(z) = -8*z - 240. Calculate d(-32).
16
Let h(a) = a**3 + 11*a**2 + 31*a - 10. Give h(-5).
-15
Let r(i) = 14*i**2 + 37*i + 102. What is r(-3)?
117
Let d(v) = 2*v**3 - 22*v**2 - 2*v + 26. What is d(11)?
4
Let f(q) = 1886*q - 35821. What is f(19)?
13
Let z(a) = 1489*a - 10429. Calculate z(7).
-6
Let t(z) = 2878*z + 325222. Calculate t(-113).
8
Let d(k) = -k**2 - 17*k + 196. What is d(8)?
-4
Let l(n) = 2*n**2 + 27*n - 199. Give l(7).
88
Let s(l) = 105*l - 1277. Calculate s(10).
-227
Let q(b) = 375*b**2 + 5257*b + 110. Calculate q(-14).
12
Let q(k) = -226*k - 14012. Calculate q(-62).
0
Let z(a) = 118*a - 8023. Give z(68).
1
Let k(a) = a**2 + 36*a + 135. Give k(-24).
-153
Let j(f) = 274*f + 1649. Calculate j(-6).
5
Let v(o) = 7*o**2 - 76*o + 101. Calculate v(14).
409
Let p(r) = 16*r**2 + 21*r - 9. What is p(2)?
97
Let v(a) = -3*a**2 + 42*a + 564. Calculate v(23).
-57
Let b(r) = r**3 + 29*r**2 - 15. Determine b(-29).
-15
Let b(y) = -y**2 - 40*y - 389. What is b(-24)?
-5
Let a(k) = 3*k**2 - 31*k + 31. Give a(9).
-5
Let o(a) = 2*a**3 - 4*a**2 - 5*a - 3. Determine o(3).
0
Let k(h) = 12*h**2 + 76*h - 67. What is k(-7)?
-11
Let p(x) = -524*x + 6823. Give p(13).
11
Let c(n) = -3*n**3 - 39*n**2 - n - 13. Determine c(-13).
0
Let m(u) = 6*u**2 + 9*u - 20. Give m(-5).
85
Let q(i) = -15*i + 674. Determine q(46).
-16
Let m(n) = n**3 - 121*n**2 + 906*n - 211. Give m(113).
15
Let z(s) = -s**3 + 84*s**2 - 467*s - 85. Calculate z(78).
-7
Let x(p) = -p**3 - 12*p**2 + 10*p + 69. Calculate x(-5).
-156
Let y(j) = -8*j**2 - 397*j + 981. Calculate y(-52).
-7
Let y(r) = -2*r**3 - 41*r**2 + 48*r + 574. Calculate y(-21).
7
Let f(b) = 35*b**2 + 9*b + 9. What is f(-1)?
35
Let h(d) = -d**3 - 10*d**2 + 161*d - 35. Calculate h(8).
101
Let l(p) = 8*p**3 + 191*p**2 + 330*p - 8. What is l(-22)?
-8
Let j(t) = -318*t - 26738. Calculate j(-84).
-26
Let k(c) = c**3 + 9*c**2 + c + 18. Determine k(-5).
113
Let i(n) = -n**2 + 17*n + 7. Give i(18).
-11
Let v(b) = -9*b + 1000. Calculate v(108).
28
Let z(x) = 6*x**2 - 31*x + 2. What is z(5)?
-3
Let l(j) = -8*j**3 - 32*j**2 + 65*j + 1. Determine l(2).
-61
Let a(s) = 16*s - 243. What is a(16)?
13
Let d(k) = 906*k - 5408. What is d(6)?
28
Let d(u) = 2*u**3 + 3*u**2 - 2*u - 49. Calculate d(0).
-49
Let w(d) = -d**3 + 21*d**2 - 85*d + 889. What is w(19)?
-4
Let a(f) = 7*f + 182. What is a(-25)?
7
Let w(o) = 16*o**2 + 1016*o + 531. Determine w(-63).
27
Let w(y) = 5410*y - 43284. Calculate w(8).
-4
Let g(n) = -25*n + 122. Calculate g(7).
-53
Let i(g) = -g**3 + 70*g**2 - 137*g + 132. Calculate i(68).
64
Let n(o) = -1505*o + 22564. Give n(15).
-11
Let c(q) = -q**2 + 175*q - 6667. Give c(119).
-3
Let a(i) = -i**3 + 31*i**2 + i + 2. Determine a(31).
33
Let l(a) = a**2 - 613*a - 10059. Give l(-16).
5
Let p(b) = -b**2 - 69*b + 2825. Determine p(29).
-17
Let c(v) = -4*v**3 + 138*v**2 + 215*v + 35. Determine c(36).
-1
Let v(r) = -r**3 - 32*r**2 - 30*r - 82. Give v(-31).
-113
Let p(z) = -2692*z - 10762. Give p(-4).
6
Let l(z) = -1433*z + 30096. Calculate l(21).
3
Let y(w) = -7*w**2 + 139*w - 724. What is y(11)?
-42
Let i(p) = -21*p - 7. What is i(-14)?
287
Let x(q) = 20*q**2 + 304*q - 264. What is x(-16)?
-8
Let a(u) = -111*u - 2315. What is a(-21)?
16
Let h(c) = -c**2 - 212*c - 826. Determine h(-4).
6
Let v(t) = -2*t**3 - 2*t**2 - 13*t - 18. Determine v(-3).
57
Let p(u) = -u**2 - 380*u - 2255. What is p(-6)?
-11
Let t(x) = -x**3 + 8*x**2 - 15*x + 22. Calculate t(6).
4
Let d(s) = s**2 + 174*s + 3721. Give d(-25).
-4
Let c(b) = 2*b**2 + 79*b - 1586. Calculate c(16).
190
Let g(s) = -s**3 + 3*s**2 + 53*s + 108. Determine g(-4).
8
Let v(s) = -37*s - 117. What is v(-3)?
-6
Let n(i) = 219*i + 1502. Give n(-7).
-31
Let r(g) = 99*g + 264. Determine r(3).
561
Let t(f) = -f**2 - 69*f + 1538. Give t(-90).
-352
Let w(i) = -105*i**2 + 847*i - 53. Give w(8).
3
Let o(u) = 12*u**2 + 65*u + 32. Give o(-5).
7
Let g(q) = -q**3 - 8*q**2 + 31*q + 56. Determine g(-9).
-142
Let r(o) = -o**2 + 373*o - 5385. Calculate r(15).
-15
Let y(m) = 29*m**3 - 4*m**2 - 17*m + 20. What is y(1)?
28
Let i(k) = -20*k + 502. Calculate i(34).
-178
Let o(l) = -151*l + 2121. Determine o(14).
7
Let b(v) = 4*v - 13. Give b(-21).
-97
Let d(c) = -7*c**2 + 26*c + 1002. Give d(14).
-6
Let r(a) = -a**3 + 5*a**2 + 4*a + 21. Give r(6).
9
Let c(s) = s**2 + 27*s - 1896. What is c(33)?
84
Let q(v) = -417*v - 2887. Calculate q(-7).
32
Let w(p) = p**2 - 641*p + 34335. Give w(59).
-3
Let l(x) = 7*x**2 - 95*x - 54. Give l(15).
96
Let k(u) = 3*u**2 + 66*u - 208. Calculate k(-29).
401
Let h(m) = -m**2 + 6*m + 327. Give h(25).
-148
Let m(d) = -d**3 + 8*d**2 + 39*d - 276. Calculate m(10).
-86
Let b(v) = -v**2 + 2452*v + 59431. Determine b(-